*y - 67. Calculate o(5).
-17
Let l(z) = -4758*z + 2883350. Determine l(606).
2
Let v(f) = -4*f**2 - 47*f + 210. Calculate v(-16).
-62
Let w(y) = y**2 - 2350*y + 14138. Calculate w(6).
74
Let b(j) = 278*j - 2415. Determine b(11).
643
Let j(k) = -k**2 + 1577*k - 259930. Give j(187).
0
Let g(m) = 65*m**2 + 1079*m + 3929. What is g(-11)?
-75
Let q(r) = -48*r**2 - 1809*r - 1237. What is q(-37)?
-16
Let m(q) = -q**3 + 65*q**2 - 497*q + 32275. Calculate m(65).
-30
Let v(y) = -53737*y - 322375. What is v(-6)?
47
Let l(b) = -3*b**3 + 2*b**2 + 168*b - 548. Calculate l(3).
-107
Let a(b) = 1481*b - 41671. Calculate a(28).
-203
Let c(s) = 2*s**2 + 857*s + 71675. What is c(-114)?
-31
Let z(i) = -3*i**2 - 518*i - 14366. Calculate z(-138).
-14
Let t(g) = -1540*g**2 - 126*g - 126. Give t(-1).
-1540
Let c(n) = 4*n**2 + 803*n + 20334. What is c(-171)?
-15
Let j(n) = 2*n**2 + 466*n - 142807. Give j(175).
-7
Let o(w) = 38*w**2 - 1241*w - 414. What is o(33)?
15
Let q(x) = -x**3 + 27*x**2 + 63*x - 147. What is q(29)?
-2
Let v(h) = -h**3 - 96*h**2 - 1488*h - 103042. Determine v(-92).
-2
Let r(w) = -40236*w + 322115. Give r(8).
227
Let j(c) = -435267*c - 870538. What is j(-2)?
-4
Let r(h) = h**3 + 87*h**2 - 1506*h - 9269. Give r(-101).
23
Let m(o) = -16*o**2 - 309*o - 1227. Give m(-13).
86
Let s(j) = 3*j**2 + 363*j + 7770. Calculate s(-95).
360
Let q(h) = 7793*h - 771464. What is q(99)?
43
Let d(q) = 202532*q + 3037934. Determine d(-15).
-46
Let t(y) = -3445*y - 31004. Determine t(-9).
1
Let q(n) = 260*n**3 - 14561*n**2 + 55*n - 72. What is q(56)?
-128
Let m(o) = -o**2 + 37*o + 3. Determine m(0).
3
Let b(x) = -2169*x - 34757. Give b(-16).
-53
Let g(p) = p**3 - 1519*p**2 + 3102*p - 103154. Calculate g(1517).
2
Let n(j) = -j**3 - 14*j**2 - 1006*j - 4832. Give n(-5).
-27
Let d(c) = c**3 - 28*c**2 + 223*c - 8483. Determine d(30).
7
Let l(b) = -30469*b + 426549. What is l(14)?
-17
Let f(o) = 21*o**3 + 570*o**2 + 196*o + 3044. What is f(-27)?
-61
Let g(m) = m**3 + 195*m**2 - 1969*m + 1053. Give g(9).
-144
Let h(y) = 5*y**3 + 132*y**2 + 309*y + 497. Calculate h(-24).
-7
Let i(v) = 14*v**2 - 621*v + 4329. Determine i(7).
668
Let q(t) = -t**2 - 331*t - 14230. Determine q(-51).
50
Let d(o) = o**3 - 37*o**2 - 88*o - 3. Determine d(39).
-393
Let r(y) = 4*y**3 + 1230*y**2 - 626*y - 3040. Give r(-308).
40
Let r(d) = -2*d**3 + 1006*d**2 + 16587*d - 335. Calculate r(-16).
1
Let c(l) = 7025*l + 245906. Determine c(-35).
31
Let p(x) = 558*x - 9595. What is p(17)?
-109
Let c(p) = 23*p + 7243. What is c(-317)?
-48
Let b(r) = -6*r**2 - 2*r + 379. Determine b(-10).
-201
Let b(v) = -7*v**3 - 478*v**2 - 119*v + 1149. What is b(-68)?
-7
Let n(i) = -3*i**3 + 83*i**2 + 231*i - 596. Calculate n(30).
34
Let c(n) = 5*n**2 - 1447*n + 10447. Give c(282).
13
Let g(o) = -o**3 - 96*o**2 + 90*o - 705. Determine g(-97).
-26
Let p(r) = -2*r**3 + 130*r**2 - 413*r + 10168. Give p(63).
25
Let l(p) = p**3 - 18*p**2 - 1705*p + 39480. Determine l(27).
6
Let z(x) = x**2 - 547*x + 11539. Determine z(22).
-11
Let z(i) = 259*i**3 + 13474*i - 13475. Calculate z(1).
258
Let s(o) = -18013*o - 4034890. Determine s(-224).
22
Let d(o) = o**2 - 1602*o + 135971. What is d(90)?
-109
Let s(z) = -14*z**3 + 511*z**2 + 809*z - 461. Calculate s(38).
-43
Let q(o) = -13*o**3 - 25*o**2 + 53*o + 35. Calculate q(3).
-382
Let s(r) = 38*r**2 - 7*r - 15. Calculate s(1).
16
Let k(c) = -2*c**3 + 507*c**2 + 16386*c + 35. Calculate k(-29).
6
Let s(x) = -x**2 + 305*x + 888. What is s(0)?
888
Let c(w) = -3*w**3 - 79*w**2 + 74*w + 2487. Give c(-26).
-113
Let m(j) = 5*j**3 - 178*j**2 + 88*j + 556. What is m(35)?
-39
Let c(p) = 4708*p - 4890. Give c(1).
-182
Let p(b) = -35205*b - 422462. Determine p(-12).
-2
Let w(k) = -3*k**3 + 496*k**2 + 329*k + 817. Calculate w(166).
319
Let p(h) = -17*h**3 - 340*h**2 + 6*h + 168. Give p(-20).
48
Let h(g) = -4*g**2 - 37*g + 178. Give h(3).
31
Let y(o) = 2*o**3 + 290*o**2 + 3085*o + 1493. What is y(-11)?
-14
Let y(c) = -c**3 + 4*c**2 + 339*c + 1461. Calculate y(-5).
-9
Let p(a) = 154*a**3 - 2*a**2 - 17*a - 14. Calculate p(-2).
-1220
Let i(o) = 32*o**3 + 744*o**2 + 187*o + 14. Give i(-23).
-55
Let q(y) = -5*y**2 - 119*y + 8625. Determine q(-55).
45
Let k(c) = 7*c**2 - 411*c + 2197. What is k(6)?
-17
Let u(b) = 32*b**3 - 6*b**2 + 23*b - 64. Give u(3).
815
Let a(l) = -216888*l - 5639117. Determine a(-26).
-29
Let h(i) = 5*i**2 + 74*i + 429. Give h(-5).
184
Let r(y) = -y**3 + 6*y**2 - 46666*y + 186628. Give r(4).
-4
Let d(i) = i**2 - 1897*i + 18875. What is d(10)?
5
Let u(n) = -247*n**2 - 844*n - 346. Calculate u(-3).
-37
Let q(i) = 245*i**2 - 2264*i + 509. What is q(9)?
-22
Let r(g) = 17*g**2 + 290*g + 56. Give r(6).
2408
Let y(o) = 1461*o**2 - 16213*o + 1563. What is y(11)?
1
Let u(d) = 9*d**2 + 7111*d + 36144. What is u(-785)?
34
Let l(a) = 6*a**3 - 452*a**2 + 135*a - 220. Calculate l(75).
-1345
Let z(s) = -s**3 - 150*s**2 - 2987*s + 4636. Determine z(-126).
-26
Let j(h) = -1857*h**2 + 7533*h - 434. Determine j(4).
-14
Let y(h) = -h**3 + 1617*h**2 - 16057*h - 20894. Calculate y(1607).
-3
Let w(y) = -3*y**3 + 29*y**2 - 87*y + 1104. Determine w(10).
134
Let s(n) = n**3 - 22*n**2 - 29*n + 1494. Determine s(19).
-140
Let c(r) = -r**3 - 32*r**2 - 617*r - 21451. Calculate c(-33).
-1
Let a(w) = -116*w**2 + 98*w + 2. Give a(2).
-266
Let j(v) = 57*v**3 + 6841*v**2 + 123*v + 395. Determine j(-120).
35
Let t(z) = -z**3 - 36*z**2 - 453*z - 123. Give t(-25).
4327
Let s(l) = 12*l**2 - 434*l - 422. Give s(37).
-52
Let j(q) = q**2 - 397*q + 8009. Calculate j(21).
113
Let l(q) = -246*q**2 - 18525*q - 5625. What is l(-75)?
0
Let m(g) = -3*g**3 + 46*g**2 - 89*g - 366. Calculate m(12).
6
Let z(x) = -596*x - 2398. Determine z(-4).
-14
Let u(t) = 5*t**2 - 167*t - 615. Calculate u(30).
-1125
Let a(u) = -u**3 + 200*u**2 - 6644*u + 1311. What is a(158)?
47
Let l(f) = 149*f**2 + 11558*f + 6549. Give l(-77).
4
Let r(m) = m**3 + 269*m**2 - 246*m + 6694. Determine r(-270).
214
Let l(a) = -10*a**2 - 512*a - 2750. What is l(-45)?
40
Let s(f) = 151*f**2 + 10101*f - 55. Give s(-67).
1017
Let r(u) = 27*u**2 + 4269*u - 16992. What is r(-162)?
18
Let a(r) = 1395*r**3 + 2796*r**2 + r - 6. Determine a(-2).
16
Let j(i) = 1710*i**2 + 23*i - 4. Calculate j(-1).
1683
Let o(y) = 3*y**3 - 629*y**2 + 2776*y + 19286. Give o(205).
16
Let x(l) = 7061*l + 564323. Determine x(-80).
-557
Let d(j) = 734*j**2 - 4350*j - 320. Calculate d(6).
4
Let f(q) = 125*q**2 + 15*q - 52. Calculate f(3).
1118
Let m(s) = 134798*s - 269758. What is m(2)?
-162
Let v(x) = x**3 + 40*x**2 + 471*x + 1199. Calculate v(-20).
-221
Let h(u) = -6*u**2 + 138*u - 177. Calculate h(23).
-177
Let z(c) = c**3 + 1650*c**2 + 30621*c - 7001. What is z(-19)?
-9
Let m(g) = 23*g**2 - 766*g - 208. Give m(34).
336
Let w(m) = 25*m**3 + 1391*m**2 + 13861*m + 32. Calculate w(-13).
-7
Let g(p) = -2*p**2 + 1710*p - 26861. Calculate g(16).
-13
Let k(t) = 1185*t - 5894. Give k(5).
31
Let y(r) = -577*r + 7479. Give y(10).
1709
Let f(y) = -y**2 + 2122*y + 4136719. Calculate f(-1233).
4
Let r(l) = -7607*l - 319499. Determine r(-42).
-5
Let s(o) = 4334949*o - 13004856. What is s(3)?
-9
Let r(b) = 29847*b - 5850004. Calculate r(196).
8
Let l(n) = -n**3 + 127*n**2 + 3*n - 124. Calculate l(127).
257
Let c(f) = 77*f**2 + 2616*f + 2615. Give c(-1).
76
Let n(y) = -3*y**3 + 160*y**2 - 1571*y - 18. Determine n(13).
8
Let q(u) = 7*u**2 + 116*u - 169. Determine q(-7).
-638
Let n(b) = b**3 - 12*b**2 + 21891*b - 240686. What is n(11)?
-6
Let t(h) = -393*h + 1953. Give t(5).
-12
Let a(z) = -225*z**2 + 3375*z - 134. Determine a(15).
-134
Let d(k) = -781*k - 97604. Determine d(-125).
21
Let q(v) = -49*v**2 - 77*v + 370. What is q(5)?
-1240
Let c(g) = -g**2 - 1496*g - 441166. Calculate c(-404).
2
Let w(d) = -20*d**3 + 980*d**2 + 43*d + 230. Determine w(49).
2337
Let v(u) = 269*u - 48965. What is v(178)?
-1083
Let k(w) = -w**3 - 9*w**2 - 104*w - 19. Give k(-5).
401
Let d(q) = 2*q**2 - 1159*q + 73854. Give d(76).
-2678
Let p(k) = -k**2 + 32*k + 479. Give p(47).
-226
Let z(k) = -411*k**2 - 1488*k + 638. Calculate z(-4).
14
Let c(d) = 3*d**2 + 80*d - 163. Give c(2).
9
Let m(c) = 3*c**2 + 1208*c + 4793. Determine m(-4).
9
Let l(z) = z**3 + 61*z**2 + 516*z + 194. What is l(-51)?
-112
Let h(q) = -q**3 - 48*q**2 - 28*q + 4870. Calc